{"id":8498,"date":"2026-03-19T06:10:13","date_gmt":"2026-03-19T06:10:13","guid":{"rendered":"https:\/\/juancaraballo.es\/?page_id=8498"},"modified":"2026-03-19T06:10:13","modified_gmt":"2026-03-19T06:10:13","slug":"transformemos-nuestra-biblioteca","status":"publish","type":"page","link":"https:\/\/juancaraballo.es\/?page_id=8498","title":{"rendered":"TRANSFORMEMOS NUESTRA BIBLIOTECA"},"content":{"rendered":"\n<p class=\"has-text-align-center\">Transformemos nuestra Biblioteca! <br>Estimadas familias:<\/p>\n\n\n\n<p class=\"has-text-align-center\">Desde el equipo de Biblioteca y el Plan de Escritura Creativa, os invitamos a participar en nuestro nuevo Taller de Decoraci\u00f3n y Manualidades. \u00a1Queremos que se\u00e1is parte del cambio!<\/p>\n\n\n\n<p class=\"has-text-align-center\">\u00bfQu\u00e9 haremos?<br>Decoraci\u00f3n tem\u00e1tica y pintura de espacios.<\/p>\n\n\n\n<p class=\"has-text-align-center\">Construcci\u00f3n de un \u00abTablao\u00bb (\u00a1usaremos un palet que ya tenemos!).<\/p>\n\n\n\n<p class=\"has-text-align-center\">\u00bfCu\u00e1ndo y d\u00f3nde?<br>Hora: Durante el recreo (12:00 a 12:30).<\/p>\n\n\n\n<p class=\"has-text-align-center\">Lugar: Biblioteca del centro.<\/p>\n\n\n\n<p class=\"has-text-align-center\">Equipo: Alumnado, maestros y familias voluntarias trabajando juntos.<\/p>\n\n\n\n<p class=\"has-text-align-center\">\u00bfC\u00f3mo colaborar?<br>No hace falta ser profesional, \u00a1solo tener ganas! Si puedes venir 30 minutos alg\u00fan d\u00eda de la semana, rellena este formulario y entr\u00e9galo en Secretar\u00eda o a trav\u00e9s de tu hijo\/a.<\/p>\n\n\n\n<p class=\"has-text-align-center\">\u00a1Hagamos de la biblioteca el coraz\u00f3n creativo del cole!<\/p>\n\n\n\n<figure class=\"wp-block-image size-large\"><img loading=\"lazy\" decoding=\"async\" width=\"1024\" height=\"572\" src=\"https:\/\/juancaraballo.es\/wp-content\/uploads\/2026\/03\/WhatsApp-Image-2026-03-17-at-11.19.40-1024x572.jpeg\" alt=\"\" class=\"wp-image-8499\" srcset=\"https:\/\/juancaraballo.es\/wp-content\/uploads\/2026\/03\/WhatsApp-Image-2026-03-17-at-11.19.40-1024x572.jpeg 1024w, https:\/\/juancaraballo.es\/wp-content\/uploads\/2026\/03\/WhatsApp-Image-2026-03-17-at-11.19.40-300x167.jpeg 300w, https:\/\/juancaraballo.es\/wp-content\/uploads\/2026\/03\/WhatsApp-Image-2026-03-17-at-11.19.40-768x429.jpeg 768w, https:\/\/juancaraballo.es\/wp-content\/uploads\/2026\/03\/WhatsApp-Image-2026-03-17-at-11.19.40-1536x857.jpeg 1536w, https:\/\/juancaraballo.es\/wp-content\/uploads\/2026\/03\/WhatsApp-Image-2026-03-17-at-11.19.40.jpeg 1600w\" sizes=\"auto, (max-width: 1024px) 100vw, 1024px\" \/><\/figure>\n","protected":false},"excerpt":{"rendered":"<p>Transformemos nuestra Biblioteca! Estimadas familias: Desde el equipo de Biblioteca y el Plan de Escritura Creativa, os invitamos a participar en nuestro nuevo Taller de Decoraci\u00f3n y Manualidades. \u00a1Queremos que se\u00e1is parte del cambio! \u00bfQu\u00e9 haremos?Decoraci\u00f3n tem\u00e1tica y pintura de espacios. Construcci\u00f3n de un \u00abTablao\u00bb (\u00a1usaremos un palet que ya tenemos!). \u00bfCu\u00e1ndo y d\u00f3nde?Hora: Durante [&hellip;]<\/p>\n","protected":false},"author":1,"featured_media":0,"parent":0,"menu_order":0,"comment_status":"closed","ping_status":"closed","template":"","meta":{"footnotes":""},"class_list":["post-8498","page","type-page","status-publish","hentry"],"_links":{"self":[{"href":"https:\/\/juancaraballo.es\/index.php?rest_route=\/wp\/v2\/pages\/8498","targetHints":{"allow":["GET"]}}],"collection":[{"href":"https:\/\/juancaraballo.es\/index.php?rest_route=\/wp\/v2\/pages"}],"about":[{"href":"https:\/\/juancaraballo.es\/index.php?rest_route=\/wp\/v2\/types\/page"}],"author":[{"embeddable":true,"href":"https:\/\/juancaraballo.es\/index.php?rest_route=\/wp\/v2\/users\/1"}],"replies":[{"embeddable":true,"href":"https:\/\/juancaraballo.es\/index.php?rest_route=%2Fwp%2Fv2%2Fcomments&post=8498"}],"version-history":[{"count":1,"href":"https:\/\/juancaraballo.es\/index.php?rest_route=\/wp\/v2\/pages\/8498\/revisions"}],"predecessor-version":[{"id":8500,"href":"https:\/\/juancaraballo.es\/index.php?rest_route=\/wp\/v2\/pages\/8498\/revisions\/8500"}],"wp:attachment":[{"href":"https:\/\/juancaraballo.es\/index.php?rest_route=%2Fwp%2Fv2%2Fmedia&parent=8498"}],"curies":[{"name":"wp","href":"https:\/\/api.w.org\/{rel}","templated":true}]}}