{"id":8487,"date":"2026-03-06T09:18:39","date_gmt":"2026-03-06T09:18:39","guid":{"rendered":"https:\/\/juancaraballo.es\/?page_id=8487"},"modified":"2026-03-06T09:18:39","modified_gmt":"2026-03-06T09:18:39","slug":"impresos-y-documentacion-escolarizacion-curso-2026-2027","status":"publish","type":"page","link":"https:\/\/juancaraballo.es\/?page_id=8487","title":{"rendered":"IMPRESOS Y DOCUMENTACI\u00d3N ESCOLARIZACI\u00d3N CURSO 2026\/2027"},"content":{"rendered":"\n<figure class=\"wp-block-table\"><table class=\"has-fixed-layout\"><tbody><tr><td class=\"has-text-align-center\" data-align=\"center\"><a href=\"https:\/\/secretariavirtual.juntadeandalucia.es\/secretariavirtual\/?\">ACCESO A LA SECRETAR\u00cdA VIRTUAL<\/a><\/td><\/tr><tr><td class=\"has-text-align-center\" data-align=\"center\"><a href=\"https:\/\/www.juntadeandalucia.es\/educacion\/portales\/web\/escolarizacion\/infantil-a-bachillerato\/impresos\">ANEXOS PARA EL PROCESO DE ESCOLARIZACI\u00d3N <\/a><\/td><\/tr><tr><td class=\"has-text-align-center\" data-align=\"center\"><a href=\"https:\/\/www.juntadeandalucia.es\/educacion\/portales\/web\/escolarizacion\/infantil-a-bachillerato\/normativa\">NORMATIVA PROCESO DE ESCOLARIZACI\u00d3N<\/a><\/td><\/tr><tr><td class=\"has-text-align-center\" data-align=\"center\"><a href=\"https:\/\/www.juntadeandalucia.es\/educacion\/portales\/web\/escolarizacion\/infantil-a-bachillerato\/calendario\">CALENDARIO ESCOLARIZACI\u00d3N<\/a><\/td><\/tr><tr><td class=\"has-text-align-center\" data-align=\"center\"><a href=\"https:\/\/www.juntadeandalucia.es\/educacion\/portales\/web\/escolarizacion\/infantil-a-bachillerato\/preguntas-frecuentes\">PREGUNTAS FRECUENTES<\/a><\/td><\/tr><tr><td class=\"has-text-align-center\" data-align=\"center\"><a href=\"https:\/\/www.juntadeandalucia.es\/educacion\/portales\/web\/escolarizacion\/infantil-a-bachillerato\/autobaremo\">AUTOBAREMO<\/a><\/td><\/tr><\/tbody><\/table><\/figure>\n\n\n\n<p><\/p>\n\n\n\n<p><\/p>\n","protected":false},"excerpt":{"rendered":"<p>ACCESO A LA SECRETAR\u00cdA VIRTUAL ANEXOS PARA EL PROCESO DE ESCOLARIZACI\u00d3N NORMATIVA PROCESO DE ESCOLARIZACI\u00d3N CALENDARIO ESCOLARIZACI\u00d3N PREGUNTAS FRECUENTES AUTOBAREMO<\/p>\n","protected":false},"author":1,"featured_media":0,"parent":0,"menu_order":0,"comment_status":"closed","ping_status":"closed","template":"","meta":{"footnotes":""},"class_list":["post-8487","page","type-page","status-publish","hentry"],"_links":{"self":[{"href":"https:\/\/juancaraballo.es\/index.php?rest_route=\/wp\/v2\/pages\/8487","targetHints":{"allow":["GET"]}}],"collection":[{"href":"https:\/\/juancaraballo.es\/index.php?rest_route=\/wp\/v2\/pages"}],"about":[{"href":"https:\/\/juancaraballo.es\/index.php?rest_route=\/wp\/v2\/types\/page"}],"author":[{"embeddable":true,"href":"https:\/\/juancaraballo.es\/index.php?rest_route=\/wp\/v2\/users\/1"}],"replies":[{"embeddable":true,"href":"https:\/\/juancaraballo.es\/index.php?rest_route=%2Fwp%2Fv2%2Fcomments&post=8487"}],"version-history":[{"count":1,"href":"https:\/\/juancaraballo.es\/index.php?rest_route=\/wp\/v2\/pages\/8487\/revisions"}],"predecessor-version":[{"id":8488,"href":"https:\/\/juancaraballo.es\/index.php?rest_route=\/wp\/v2\/pages\/8487\/revisions\/8488"}],"wp:attachment":[{"href":"https:\/\/juancaraballo.es\/index.php?rest_route=%2Fwp%2Fv2%2Fmedia&parent=8487"}],"curies":[{"name":"wp","href":"https:\/\/api.w.org\/{rel}","templated":true}]}}