{"id":8471,"date":"2026-02-19T19:49:34","date_gmt":"2026-02-19T19:49:34","guid":{"rendered":"https:\/\/juancaraballo.es\/?page_id=8471"},"modified":"2026-02-19T19:49:34","modified_gmt":"2026-02-19T19:49:34","slug":"informacion-servicio-de-comedor-escolar","status":"publish","type":"page","link":"https:\/\/juancaraballo.es\/?page_id=8471","title":{"rendered":"INFORMACI\u00d3N SERVICIO DE COMEDOR ESCOLAR"},"content":{"rendered":"\n<figure class=\"wp-block-table aligncenter\"><table class=\"has-fixed-layout\"><tbody><tr><td><img loading=\"lazy\" decoding=\"async\" width=\"80\" height=\"80\" class=\"wp-image-8356\" style=\"width: 80px;\" src=\"http:\/\/juancaraballo.es\/wp-content\/uploads\/2025\/09\/pdf.png\" alt=\"\" srcset=\"https:\/\/juancaraballo.es\/wp-content\/uploads\/2025\/09\/pdf.png 350w, https:\/\/juancaraballo.es\/wp-content\/uploads\/2025\/09\/pdf-300x300.png 300w, https:\/\/juancaraballo.es\/wp-content\/uploads\/2025\/09\/pdf-150x150.png 150w\" sizes=\"auto, (max-width: 80px) 100vw, 80px\" \/><\/td><td class=\"has-text-align-center\" data-align=\"center\"><a href=\"http:\/\/juancaraballo.es\/wp-content\/uploads\/2026\/02\/Webmail-Corporativo-__-Planilla-6-Feb-Mar.pdf\">Men\u00fa del 23\/02 al 20\/03<\/a><\/td><\/tr><tr><td><img loading=\"lazy\" decoding=\"async\" width=\"80\" height=\"80\" class=\"wp-image-8356\" style=\"width: 80px;\" src=\"http:\/\/juancaraballo.es\/wp-content\/uploads\/2025\/09\/pdf.png\" alt=\"\" srcset=\"https:\/\/juancaraballo.es\/wp-content\/uploads\/2025\/09\/pdf.png 350w, https:\/\/juancaraballo.es\/wp-content\/uploads\/2025\/09\/pdf-300x300.png 300w, https:\/\/juancaraballo.es\/wp-content\/uploads\/2025\/09\/pdf-150x150.png 150w\" sizes=\"auto, (max-width: 80px) 100vw, 80px\" \/><\/td><td class=\"has-text-align-center\" data-align=\"center\"><a href=\"http:\/\/juancaraballo.es\/wp-content\/uploads\/2026\/02\/Webmail-Corporativo-__-Infografias-6-PERIODO_compressed.pdf\">Infograf\u00edas de alimentos saludables<\/a><\/td><\/tr><tr><td><img loading=\"lazy\" decoding=\"async\" width=\"80\" height=\"80\" class=\"wp-image-8356\" style=\"width: 80px;\" src=\"http:\/\/juancaraballo.es\/wp-content\/uploads\/2025\/09\/pdf.png\" alt=\"\" srcset=\"https:\/\/juancaraballo.es\/wp-content\/uploads\/2025\/09\/pdf.png 350w, https:\/\/juancaraballo.es\/wp-content\/uploads\/2025\/09\/pdf-300x300.png 300w, https:\/\/juancaraballo.es\/wp-content\/uploads\/2025\/09\/pdf-150x150.png 150w\" sizes=\"auto, (max-width: 80px) 100vw, 80px\" \/><\/td><td class=\"has-text-align-center\" data-align=\"center\"><a href=\"http:\/\/juancaraballo.es\/wp-content\/uploads\/2026\/02\/Webmail-Corporativo-__-Gramajes-6-Feb-Mar.pdf\">Gramaje de productos<\/a><\/td><\/tr><tr><td><img loading=\"lazy\" decoding=\"async\" width=\"80\" height=\"80\" class=\"wp-image-8356\" style=\"width: 80px;\" src=\"http:\/\/juancaraballo.es\/wp-content\/uploads\/2025\/09\/pdf.png\" alt=\"\" srcset=\"https:\/\/juancaraballo.es\/wp-content\/uploads\/2025\/09\/pdf.png 350w, https:\/\/juancaraballo.es\/wp-content\/uploads\/2025\/09\/pdf-300x300.png 300w, https:\/\/juancaraballo.es\/wp-content\/uploads\/2025\/09\/pdf-150x150.png 150w\" sizes=\"auto, (max-width: 80px) 100vw, 80px\" \/><\/td><td class=\"has-text-align-center\" data-align=\"center\"><a href=\"http:\/\/juancaraballo.es\/wp-content\/uploads\/2026\/02\/Webmail-Corporativo-__-FT-6-PERIODO_compressed.pdf\">Especificaciones t\u00e9cnicas de productos<\/a><\/td><\/tr><tr><td><img loading=\"lazy\" decoding=\"async\" width=\"80\" height=\"80\" class=\"wp-image-8356\" style=\"width: 80px;\" src=\"http:\/\/juancaraballo.es\/wp-content\/uploads\/2025\/09\/pdf.png\" alt=\"\" srcset=\"https:\/\/juancaraballo.es\/wp-content\/uploads\/2025\/09\/pdf.png 350w, https:\/\/juancaraballo.es\/wp-content\/uploads\/2025\/09\/pdf-300x300.png 300w, https:\/\/juancaraballo.es\/wp-content\/uploads\/2025\/09\/pdf-150x150.png 150w\" sizes=\"auto, (max-width: 80px) 100vw, 80px\" \/><\/td><td class=\"has-text-align-center\" data-align=\"center\"><a href=\"http:\/\/juancaraballo.es\/wp-content\/uploads\/2026\/02\/Instrucciones-DG-y-Modelo-elecc-menu.pdf\">Instrucciones de elecci\u00f3n de men\u00fa<\/a><\/td><\/tr><\/tbody><\/table><\/figure>\n\n\n\n<p><\/p>\n","protected":false},"excerpt":{"rendered":"<p>Men\u00fa del 23\/02 al 20\/03 Infograf\u00edas de alimentos saludables Gramaje de productos Especificaciones t\u00e9cnicas de productos Instrucciones de elecci\u00f3n de men\u00fa<\/p>\n","protected":false},"author":1,"featured_media":0,"parent":0,"menu_order":0,"comment_status":"closed","ping_status":"closed","template":"","meta":{"footnotes":""},"class_list":["post-8471","page","type-page","status-publish","hentry"],"_links":{"self":[{"href":"https:\/\/juancaraballo.es\/index.php?rest_route=\/wp\/v2\/pages\/8471","targetHints":{"allow":["GET"]}}],"collection":[{"href":"https:\/\/juancaraballo.es\/index.php?rest_route=\/wp\/v2\/pages"}],"about":[{"href":"https:\/\/juancaraballo.es\/index.php?rest_route=\/wp\/v2\/types\/page"}],"author":[{"embeddable":true,"href":"https:\/\/juancaraballo.es\/index.php?rest_route=\/wp\/v2\/users\/1"}],"replies":[{"embeddable":true,"href":"https:\/\/juancaraballo.es\/index.php?rest_route=%2Fwp%2Fv2%2Fcomments&post=8471"}],"version-history":[{"count":1,"href":"https:\/\/juancaraballo.es\/index.php?rest_route=\/wp\/v2\/pages\/8471\/revisions"}],"predecessor-version":[{"id":8477,"href":"https:\/\/juancaraballo.es\/index.php?rest_route=\/wp\/v2\/pages\/8471\/revisions\/8477"}],"wp:attachment":[{"href":"https:\/\/juancaraballo.es\/index.php?rest_route=%2Fwp%2Fv2%2Fmedia&parent=8471"}],"curies":[{"name":"wp","href":"https:\/\/api.w.org\/{rel}","templated":true}]}}