{"id":8416,"date":"2026-01-19T19:18:33","date_gmt":"2026-01-19T19:18:33","guid":{"rendered":"https:\/\/juancaraballo.es\/?page_id=8416"},"modified":"2026-01-19T19:21:20","modified_gmt":"2026-01-19T19:21:20","slug":"luto-oficial-por-el-accidente-ferroviario","status":"publish","type":"page","link":"https:\/\/juancaraballo.es\/?page_id=8416","title":{"rendered":"MINUTO DE SILENCIO POR EL ACCIDENTE FERROVIARIO"},"content":{"rendered":"\n<p class=\"has-text-align-center\">Estimadas familias:<\/p>\n\n\n\n<p class=\"has-text-align-center\">Desde el centro educativo queremos informarles de que, en la ma\u00f1ana de hoy, se ha guardado un minuto de silencio en el colegio en memoria de las v\u00edctimas del tr\u00e1gico accidente de tren ocurrido en Adamuz.<\/p>\n\n\n\n<p class=\"has-text-align-center\">Asimismo, consideramos importante trasladarles que este momento se ha trabajado con el alumnado desde una perspectiva educativa y adaptada a su edad. En ning\u00fan caso se ha puesto el foco en el n\u00famero de v\u00edctimas ni en detalles que pudieran generar inquietud, sino que se ha aprovechado para destacar valores fundamentales como la solidaridad, la empat\u00eda y el trabajo en equipo.<\/p>\n\n\n\n<p class=\"has-text-align-center\">Con los ni\u00f1os y ni\u00f1as se ha resaltado especialmente la labor ejemplar de los sanitarios, los cuerpos y fuerzas de seguridad, los bomberos y los vecinos y vecinas del municipio de Adamuz, cuya r\u00e1pida actuaci\u00f3n y colaboraci\u00f3n han permitido salvar muchas vidas. De este modo, se ha querido transmitir la importancia de la ayuda mutua y del compromiso colectivo ante situaciones dif\u00edciles.<\/p>\n\n\n\n<p class=\"has-text-align-center\">Agradecemos, como siempre, su confianza y colaboraci\u00f3n.<\/p>\n\n\n\n<p class=\"has-text-align-center\">Reciban un cordial saludo.<\/p>\n","protected":false},"excerpt":{"rendered":"<p>Estimadas familias: Desde el centro educativo queremos informarles de que, en la ma\u00f1ana de hoy, se ha guardado un minuto de silencio en el colegio en memoria de las v\u00edctimas del tr\u00e1gico accidente de tren ocurrido en Adamuz. Asimismo, consideramos importante trasladarles que este momento se ha trabajado con el alumnado desde una perspectiva educativa [&hellip;]<\/p>\n","protected":false},"author":1,"featured_media":0,"parent":0,"menu_order":0,"comment_status":"closed","ping_status":"closed","template":"","meta":{"footnotes":""},"class_list":["post-8416","page","type-page","status-publish","hentry"],"_links":{"self":[{"href":"https:\/\/juancaraballo.es\/index.php?rest_route=\/wp\/v2\/pages\/8416","targetHints":{"allow":["GET"]}}],"collection":[{"href":"https:\/\/juancaraballo.es\/index.php?rest_route=\/wp\/v2\/pages"}],"about":[{"href":"https:\/\/juancaraballo.es\/index.php?rest_route=\/wp\/v2\/types\/page"}],"author":[{"embeddable":true,"href":"https:\/\/juancaraballo.es\/index.php?rest_route=\/wp\/v2\/users\/1"}],"replies":[{"embeddable":true,"href":"https:\/\/juancaraballo.es\/index.php?rest_route=%2Fwp%2Fv2%2Fcomments&post=8416"}],"version-history":[{"count":2,"href":"https:\/\/juancaraballo.es\/index.php?rest_route=\/wp\/v2\/pages\/8416\/revisions"}],"predecessor-version":[{"id":8419,"href":"https:\/\/juancaraballo.es\/index.php?rest_route=\/wp\/v2\/pages\/8416\/revisions\/8419"}],"wp:attachment":[{"href":"https:\/\/juancaraballo.es\/index.php?rest_route=%2Fwp%2Fv2%2Fmedia&parent=8416"}],"curies":[{"name":"wp","href":"https:\/\/api.w.org\/{rel}","templated":true}]}}