{"id":5801,"date":"2021-11-22T16:24:05","date_gmt":"2021-11-22T16:24:05","guid":{"rendered":"http:\/\/juancaraballo.es\/?page_id=5801"},"modified":"2021-11-22T16:24:36","modified_gmt":"2021-11-22T16:24:36","slug":"actividades-de-jardineria-cocina-y-decoracion-de-otono","status":"publish","type":"page","link":"http:\/\/juancaraballo.es\/?page_id=5801","title":{"rendered":"ACTIVIDADES DE JARDINER\u00cdA, COCINA Y DECORACI\u00d3N DE OTO\u00d1O"},"content":{"rendered":"\n<figure class=\"wp-block-gallery columns-3 is-cropped wp-block-gallery-1 is-layout-flex wp-block-gallery-is-layout-flex\"><ul class=\"blocks-gallery-grid\"><li class=\"blocks-gallery-item\"><figure><img loading=\"lazy\" decoding=\"async\" width=\"768\" height=\"1024\" src=\"https:\/\/juancaraballo.es\/wp-content\/uploads\/2021\/11\/WhatsApp-Image-2021-10-05-at-11.32.34-1-768x1024.jpeg\" alt=\"\" data-id=\"5802\" data-full-url=\"https:\/\/juancaraballo.es\/wp-content\/uploads\/2021\/11\/WhatsApp-Image-2021-10-05-at-11.32.34-1.jpeg\" data-link=\"https:\/\/juancaraballo.es\/?attachment_id=5802\" class=\"wp-image-5802\" srcset=\"http:\/\/juancaraballo.es\/wp-content\/uploads\/2021\/11\/WhatsApp-Image-2021-10-05-at-11.32.34-1-768x1024.jpeg 768w, http:\/\/juancaraballo.es\/wp-content\/uploads\/2021\/11\/WhatsApp-Image-2021-10-05-at-11.32.34-1-225x300.jpeg 225w, http:\/\/juancaraballo.es\/wp-content\/uploads\/2021\/11\/WhatsApp-Image-2021-10-05-at-11.32.34-1-1152x1536.jpeg 1152w, http:\/\/juancaraballo.es\/wp-content\/uploads\/2021\/11\/WhatsApp-Image-2021-10-05-at-11.32.34-1.jpeg 1200w\" sizes=\"auto, (max-width: 768px) 100vw, 768px\" \/><\/figure><\/li><li class=\"blocks-gallery-item\"><figure><img loading=\"lazy\" decoding=\"async\" width=\"1024\" height=\"576\" src=\"https:\/\/juancaraballo.es\/wp-content\/uploads\/2021\/11\/WhatsApp-Image-2021-10-05-at-11.33.00-1-1024x576.jpeg\" alt=\"\" data-id=\"5803\" data-full-url=\"https:\/\/juancaraballo.es\/wp-content\/uploads\/2021\/11\/WhatsApp-Image-2021-10-05-at-11.33.00-1.jpeg\" data-link=\"https:\/\/juancaraballo.es\/?attachment_id=5803\" class=\"wp-image-5803\" srcset=\"http:\/\/juancaraballo.es\/wp-content\/uploads\/2021\/11\/WhatsApp-Image-2021-10-05-at-11.33.00-1-1024x576.jpeg 1024w, http:\/\/juancaraballo.es\/wp-content\/uploads\/2021\/11\/WhatsApp-Image-2021-10-05-at-11.33.00-1-300x169.jpeg 300w, http:\/\/juancaraballo.es\/wp-content\/uploads\/2021\/11\/WhatsApp-Image-2021-10-05-at-11.33.00-1-768x432.jpeg 768w, http:\/\/juancaraballo.es\/wp-content\/uploads\/2021\/11\/WhatsApp-Image-2021-10-05-at-11.33.00-1-1536x864.jpeg 1536w, http:\/\/juancaraballo.es\/wp-content\/uploads\/2021\/11\/WhatsApp-Image-2021-10-05-at-11.33.00-1.jpeg 1599w\" sizes=\"auto, (max-width: 1024px) 100vw, 1024px\" \/><\/figure><\/li><li class=\"blocks-gallery-item\"><figure><img loading=\"lazy\" decoding=\"async\" width=\"576\" height=\"1024\" src=\"https:\/\/juancaraballo.es\/wp-content\/uploads\/2021\/11\/WhatsApp-Image-2021-10-05-at-11.32.47-1-576x1024.jpeg\" alt=\"\" data-id=\"5804\" data-full-url=\"https:\/\/juancaraballo.es\/wp-content\/uploads\/2021\/11\/WhatsApp-Image-2021-10-05-at-11.32.47-1.jpeg\" data-link=\"https:\/\/juancaraballo.es\/?attachment_id=5804\" class=\"wp-image-5804\" srcset=\"http:\/\/juancaraballo.es\/wp-content\/uploads\/2021\/11\/WhatsApp-Image-2021-10-05-at-11.32.47-1-576x1024.jpeg 576w, http:\/\/juancaraballo.es\/wp-content\/uploads\/2021\/11\/WhatsApp-Image-2021-10-05-at-11.32.47-1-169x300.jpeg 169w, http:\/\/juancaraballo.es\/wp-content\/uploads\/2021\/11\/WhatsApp-Image-2021-10-05-at-11.32.47-1-768x1366.jpeg 768w, http:\/\/juancaraballo.es\/wp-content\/uploads\/2021\/11\/WhatsApp-Image-2021-10-05-at-11.32.47-1-864x1536.jpeg 864w, http:\/\/juancaraballo.es\/wp-content\/uploads\/2021\/11\/WhatsApp-Image-2021-10-05-at-11.32.47-1.jpeg 899w\" sizes=\"auto, (max-width: 576px) 100vw, 576px\" \/><\/figure><\/li><li class=\"blocks-gallery-item\"><figure><img loading=\"lazy\" decoding=\"async\" width=\"1024\" height=\"768\" src=\"https:\/\/juancaraballo.es\/wp-content\/uploads\/2021\/11\/WhatsApp-Image-2021-10-05-at-11.32.35-2-1-1024x768.jpeg\" alt=\"\" data-id=\"5805\" data-full-url=\"https:\/\/juancaraballo.es\/wp-content\/uploads\/2021\/11\/WhatsApp-Image-2021-10-05-at-11.32.35-2-1.jpeg\" data-link=\"https:\/\/juancaraballo.es\/?attachment_id=5805\" class=\"wp-image-5805\" srcset=\"http:\/\/juancaraballo.es\/wp-content\/uploads\/2021\/11\/WhatsApp-Image-2021-10-05-at-11.32.35-2-1-1024x768.jpeg 1024w, http:\/\/juancaraballo.es\/wp-content\/uploads\/2021\/11\/WhatsApp-Image-2021-10-05-at-11.32.35-2-1-300x225.jpeg 300w, http:\/\/juancaraballo.es\/wp-content\/uploads\/2021\/11\/WhatsApp-Image-2021-10-05-at-11.32.35-2-1-768x576.jpeg 768w, http:\/\/juancaraballo.es\/wp-content\/uploads\/2021\/11\/WhatsApp-Image-2021-10-05-at-11.32.35-2-1-1536x1152.jpeg 1536w, http:\/\/juancaraballo.es\/wp-content\/uploads\/2021\/11\/WhatsApp-Image-2021-10-05-at-11.32.35-2-1.jpeg 1600w\" sizes=\"auto, (max-width: 1024px) 100vw, 1024px\" \/><\/figure><\/li><li class=\"blocks-gallery-item\"><figure><img loading=\"lazy\" decoding=\"async\" width=\"1024\" height=\"768\" src=\"https:\/\/juancaraballo.es\/wp-content\/uploads\/2021\/11\/WhatsApp-Image-2021-10-05-at-11.32.35-1-1-1024x768.jpeg\" alt=\"\" data-id=\"5806\" data-full-url=\"https:\/\/juancaraballo.es\/wp-content\/uploads\/2021\/11\/WhatsApp-Image-2021-10-05-at-11.32.35-1-1.jpeg\" data-link=\"https:\/\/juancaraballo.es\/?attachment_id=5806\" class=\"wp-image-5806\" srcset=\"http:\/\/juancaraballo.es\/wp-content\/uploads\/2021\/11\/WhatsApp-Image-2021-10-05-at-11.32.35-1-1-1024x768.jpeg 1024w, http:\/\/juancaraballo.es\/wp-content\/uploads\/2021\/11\/WhatsApp-Image-2021-10-05-at-11.32.35-1-1-300x225.jpeg 300w, http:\/\/juancaraballo.es\/wp-content\/uploads\/2021\/11\/WhatsApp-Image-2021-10-05-at-11.32.35-1-1-768x576.jpeg 768w, http:\/\/juancaraballo.es\/wp-content\/uploads\/2021\/11\/WhatsApp-Image-2021-10-05-at-11.32.35-1-1-1536x1152.jpeg 1536w, http:\/\/juancaraballo.es\/wp-content\/uploads\/2021\/11\/WhatsApp-Image-2021-10-05-at-11.32.35-1-1.jpeg 1600w\" sizes=\"auto, (max-width: 1024px) 100vw, 1024px\" \/><\/figure><\/li><li class=\"blocks-gallery-item\"><figure><img loading=\"lazy\" decoding=\"async\" width=\"1024\" height=\"768\" src=\"https:\/\/juancaraballo.es\/wp-content\/uploads\/2021\/11\/WhatsApp-Image-2021-10-05-at-11.32.35-3-1024x768.jpeg\" alt=\"\" data-id=\"5807\" data-full-url=\"https:\/\/juancaraballo.es\/wp-content\/uploads\/2021\/11\/WhatsApp-Image-2021-10-05-at-11.32.35-3.jpeg\" data-link=\"https:\/\/juancaraballo.es\/?attachment_id=5807\" class=\"wp-image-5807\" srcset=\"http:\/\/juancaraballo.es\/wp-content\/uploads\/2021\/11\/WhatsApp-Image-2021-10-05-at-11.32.35-3-1024x768.jpeg 1024w, http:\/\/juancaraballo.es\/wp-content\/uploads\/2021\/11\/WhatsApp-Image-2021-10-05-at-11.32.35-3-300x225.jpeg 300w, http:\/\/juancaraballo.es\/wp-content\/uploads\/2021\/11\/WhatsApp-Image-2021-10-05-at-11.32.35-3-768x576.jpeg 768w, http:\/\/juancaraballo.es\/wp-content\/uploads\/2021\/11\/WhatsApp-Image-2021-10-05-at-11.32.35-3-1536x1152.jpeg 1536w, http:\/\/juancaraballo.es\/wp-content\/uploads\/2021\/11\/WhatsApp-Image-2021-10-05-at-11.32.35-3.jpeg 1600w\" sizes=\"auto, (max-width: 1024px) 100vw, 1024px\" \/><\/figure><\/li><\/ul><\/figure>\n","protected":false},"excerpt":{"rendered":"","protected":false},"author":1,"featured_media":0,"parent":0,"menu_order":0,"comment_status":"closed","ping_status":"closed","template":"","meta":{"footnotes":""},"class_list":["post-5801","page","type-page","status-publish","hentry"],"_links":{"self":[{"href":"http:\/\/juancaraballo.es\/index.php?rest_route=\/wp\/v2\/pages\/5801","targetHints":{"allow":["GET"]}}],"collection":[{"href":"http:\/\/juancaraballo.es\/index.php?rest_route=\/wp\/v2\/pages"}],"about":[{"href":"http:\/\/juancaraballo.es\/index.php?rest_route=\/wp\/v2\/types\/page"}],"author":[{"embeddable":true,"href":"http:\/\/juancaraballo.es\/index.php?rest_route=\/wp\/v2\/users\/1"}],"replies":[{"embeddable":true,"href":"http:\/\/juancaraballo.es\/index.php?rest_route=%2Fwp%2Fv2%2Fcomments&post=5801"}],"version-history":[{"count":2,"href":"http:\/\/juancaraballo.es\/index.php?rest_route=\/wp\/v2\/pages\/5801\/revisions"}],"predecessor-version":[{"id":5809,"href":"http:\/\/juancaraballo.es\/index.php?rest_route=\/wp\/v2\/pages\/5801\/revisions\/5809"}],"wp:attachment":[{"href":"http:\/\/juancaraballo.es\/index.php?rest_route=%2Fwp%2Fv2%2Fmedia&parent=5801"}],"curies":[{"name":"wp","href":"https:\/\/api.w.org\/{rel}","templated":true}]}}